{"id":8,"date":"2022-03-18T12:15:24","date_gmt":"2022-03-18T11:15:24","guid":{"rendered":"http:\/\/acje.asso.dz\/?page_id=8"},"modified":"2023-10-25T15:22:18","modified_gmt":"2023-10-25T14:22:18","slug":"le-centre-danimation","status":"publish","type":"page","link":"https:\/\/acje.asso.dz\/index.php\/le-centre-danimation\/","title":{"rendered":"Le centre d&rsquo;animation"},"content":{"rendered":"\n<p><\/p>\n\n\n\n<div class=\"wp-block-media-text alignwide has-media-on-the-right is-stacked-on-mobile\"><div class=\"wp-block-media-text__content\">\n<p class=\"has-small-font-size\">Depuis 2018, l\u2019ACJE mets en \u0153uvre une d\u00e9marche p\u00e9dagogique et \u00e9ducative globale afin de r\u00e9pondre au mieux aux besoins et attentes des publics. Ainsi, l\u2019ACJE et le Centre d\u2019animation, proposent une offre diversifi\u00e9e et riche d\u2019animations, de projets et d\u2019activit\u00e9s en direction de tous les \u00e2ges.<\/p>\n\n\n\n<p><strong>C\u2019est quoi ?&nbsp;<\/strong><\/p>\n\n\n\n<p>Le Centre d\u2019Animation d\u2019expression et de cr\u00e9ativit\u00e9 de l\u2019ACJE, permet au public \u00e2g\u00e9s de 08 \u00e0 25 ans de pratiquer des activit\u00e9s tr\u00e8s diverses (culturelles, scientifique artistiques, etc.) durant leur temps libres.&nbsp;<\/p>\n\n\n\n<p>C\u2019est un lieu privil\u00e9gi\u00e9 pour partager, monter des projets, assumer des responsabilit\u00e9s et gagner en autonomie.&nbsp;<\/p>\n<\/div><figure class=\"wp-block-media-text__media\"><a href=\"https:\/\/acje.asso.dz\/wp-content\/uploads\/2022\/03\/centre-2.jpg\"><img loading=\"lazy\" decoding=\"async\" width=\"720\" height=\"540\" src=\"https:\/\/acje.asso.dz\/wp-content\/uploads\/2022\/03\/centre-2.jpg\" alt=\"\" class=\"wp-image-89 size-full\" srcset=\"https:\/\/acje.asso.dz\/wp-content\/uploads\/2022\/03\/centre-2.jpg 720w, https:\/\/acje.asso.dz\/wp-content\/uploads\/2022\/03\/centre-2-300x225.jpg 300w\" sizes=\"(max-width: 720px) 100vw, 720px\" \/><\/a><\/figure><\/div>\n\n\n\n<p class=\"has-text-align-right\"> <\/p>\n\n\n\n<div class=\"wp-block-media-text alignwide is-stacked-on-mobile\" style=\"grid-template-columns:44% auto\"><figure class=\"wp-block-media-text__media\"><a href=\"https:\/\/acje.asso.dz\/wp-content\/uploads\/2023\/10\/IMG20231013150429-scaled.jpg\"><img loading=\"lazy\" decoding=\"async\" width=\"1024\" height=\"484\" src=\"https:\/\/acje.asso.dz\/wp-content\/uploads\/2023\/10\/IMG20231013150429-1024x484.jpg\" alt=\"\" class=\"wp-image-431 size-full\" srcset=\"https:\/\/acje.asso.dz\/wp-content\/uploads\/2023\/10\/IMG20231013150429-1024x484.jpg 1024w, https:\/\/acje.asso.dz\/wp-content\/uploads\/2023\/10\/IMG20231013150429-300x142.jpg 300w, https:\/\/acje.asso.dz\/wp-content\/uploads\/2023\/10\/IMG20231013150429-768x363.jpg 768w, https:\/\/acje.asso.dz\/wp-content\/uploads\/2023\/10\/IMG20231013150429-1536x727.jpg 1536w, https:\/\/acje.asso.dz\/wp-content\/uploads\/2023\/10\/IMG20231013150429-2048x969.jpg 2048w, https:\/\/acje.asso.dz\/wp-content\/uploads\/2023\/10\/IMG20231013150429-1200x568.jpg 1200w, https:\/\/acje.asso.dz\/wp-content\/uploads\/2023\/10\/IMG20231013150429-1980x937.jpg 1980w\" sizes=\"(max-width: 1024px) 100vw, 1024px\" \/><\/a><\/figure><div class=\"wp-block-media-text__content\">\n<p class=\"has-small-font-size\"><strong>Pour qui ?\u00a0<\/strong><\/p>\n\n\n\n<p>\u00a0Le centre est ouvert \u00e0 l&rsquo;ensemble des enfants et jeunes de la r\u00e9gion; les horaires sont communiqu\u00e9s \u00e0 l&rsquo;inscription et peuvent \u00eatre modifi\u00e9s selon l&rsquo;affluence ou l&rsquo;activit\u00e9 pr\u00e9vue.<\/p>\n\n\n\n<p><strong>Que peut-on y trouver ?<br><\/strong><\/p>\n\n\n\n<p>Le Centre d&rsquo;Animation se veut un lieu de d\u00e9tente et\u00a0d&rsquo;\u00e9panouissement,\u00a0l&rsquo;\u00e9quipe p\u00e9dagogique a toujours \u00e0 l&rsquo;esprit que les jeunes et les enfants viennent sur leur temps libre. N\u00e9anmoins, les activit\u00e9s propos\u00e9es tout au long de l&rsquo;ann\u00e9e r\u00e9pondent\u00a0\u00e0 des objectifs p\u00e9dagogiques d\u00e9finis en amont par l&rsquo;\u00e9quipe. Le Projet P\u00e9dagogique reste ouvert et discutable.\u00a0<\/p>\n\n\n\n<p>Une double programmation (08\/11 ans et 12\/17 ans) afin de mieux r\u00e9pondre aux attentes et besoins de chacun.\u00a0<\/p>\n<\/div><\/div>\n\n\n\n<figure class=\"wp-block-embed is-type-video is-provider-youtube wp-block-embed-youtube wp-embed-aspect-16-9 wp-has-aspect-ratio\"><div class=\"wp-block-embed__wrapper\">\n<iframe loading=\"lazy\" title=\"animation 01\" width=\"580\" height=\"326\" src=\"https:\/\/www.youtube.com\/embed\/imTzWdxtHyw?feature=oembed\" frameborder=\"0\" allow=\"accelerometer; autoplay; clipboard-write; encrypted-media; gyroscope; picture-in-picture; web-share\" allowfullscreen><\/iframe>\n<\/div><\/figure>\n\n\n\n<p>.<\/p>\n\n\n\n<div class=\"wp-block-media-text alignwide has-media-on-the-right is-stacked-on-mobile\"><div class=\"wp-block-media-text__content\">\n<p><strong>Comment \u00e7a marche ?<br><\/strong><\/p>\n\n\n\n<p>Le Centre d&rsquo;Animation fonctionne toute l&rsquo;ann\u00e9e. Un dossier d&rsquo;inscription doit \u00eatre rempli et rendu \u00e0 l&rsquo;\u00e9quipe avant de pouvoir participer au projet d&rsquo;activit\u00e9s. Il est \u00e9galement indispensable que les parents soient rencontr\u00e9s.\u00a0<\/p>\n\n\n\n<p>\u00a0<\/p>\n<\/div><figure class=\"wp-block-media-text__media\"><a href=\"https:\/\/acje.asso.dz\/wp-content\/uploads\/2022\/03\/centre-7.jpg\"><img loading=\"lazy\" decoding=\"async\" width=\"720\" height=\"540\" src=\"https:\/\/acje.asso.dz\/wp-content\/uploads\/2022\/03\/centre-7.jpg\" alt=\"\" class=\"wp-image-142 size-full\" srcset=\"https:\/\/acje.asso.dz\/wp-content\/uploads\/2022\/03\/centre-7.jpg 720w, https:\/\/acje.asso.dz\/wp-content\/uploads\/2022\/03\/centre-7-300x225.jpg 300w\" sizes=\"(max-width: 720px) 100vw, 720px\" \/><\/a><\/figure><\/div>\n\n\n\n<p class=\"has-large-font-size\"><strong>La formation d&rsquo;animateur<\/strong><\/p>\n\n\n\n<div class=\"wp-block-media-text alignwide is-stacked-on-mobile\"><figure class=\"wp-block-media-text__media\"><img loading=\"lazy\" decoding=\"async\" width=\"1024\" height=\"683\" src=\"https:\/\/acje.asso.dz\/wp-content\/uploads\/2023\/10\/1555-1024x683.jpg\" alt=\"\" class=\"wp-image-415 size-full\" srcset=\"https:\/\/acje.asso.dz\/wp-content\/uploads\/2023\/10\/1555-1024x683.jpg 1024w, https:\/\/acje.asso.dz\/wp-content\/uploads\/2023\/10\/1555-300x200.jpg 300w, https:\/\/acje.asso.dz\/wp-content\/uploads\/2023\/10\/1555-768x512.jpg 768w, https:\/\/acje.asso.dz\/wp-content\/uploads\/2023\/10\/1555-1536x1024.jpg 1536w, https:\/\/acje.asso.dz\/wp-content\/uploads\/2023\/10\/1555-2048x1365.jpg 2048w, https:\/\/acje.asso.dz\/wp-content\/uploads\/2023\/10\/1555-1200x800.jpg 1200w, https:\/\/acje.asso.dz\/wp-content\/uploads\/2023\/10\/1555-1980x1320.jpg 1980w\" sizes=\"(max-width: 1024px) 100vw, 1024px\" \/><\/figure><div class=\"wp-block-media-text__content\">\n<ul id=\"block-b63ca8a7-a8e3-41d4-8382-4b6749a303dd\">\n<li>Pr\u00e9parer le jeune \u00e0 exercer les fonctions d\u2019animateur pour enfants \/ mineurs<\/li>\n\n\n\n<li>Connaitre et respecter les besoins des diff\u00e9rents enfants de diverses tranches d\u2019\u00e2ges.<\/li>\n\n\n\n<li>D\u00e9velopper des aptitudes pour encadrer et animer des activit\u00e9s ;<\/li>\n\n\n\n<li>D\u00e9couvrir les outils de l\u2019animateur<\/li>\n\n\n\n<li>Pr\u00e9parer, organiser et adapter les activit\u00e9s aux publics cibles dans le cadre de projets d\u2019activit\u00e9s.<\/li>\n\n\n\n<li>Impliquer les enfants dans l\u2019\u00e9laboration des activit\u00e9s<\/li>\n\n\n\n<li>D\u00e9velopper des aptitudes \u00e0 accompagner les mineurs dans la r\u00e9alisation de leur projet.<\/li>\n<\/ul>\n<\/div><\/div>\n\n\n\n<div class=\"wp-block-group is-layout-flow wp-block-group-is-layout-flow\"><div class=\"wp-block-group__inner-container\">\n<div class=\"wp-block-columns is-layout-flex wp-container-core-columns-layout-2 wp-block-columns-is-layout-flex\">\n<div class=\"wp-block-column is-vertically-aligned-center is-layout-flow wp-block-column-is-layout-flow\" style=\"flex-basis:100%\">\n<div class=\"wp-block-columns is-layout-flex wp-container-core-columns-layout-1 wp-block-columns-is-layout-flex\">\n<div class=\"wp-block-column is-layout-flow wp-block-column-is-layout-flow\" style=\"flex-basis:100%\">\n<div class=\"wp-block-group is-layout-flow wp-block-group-is-layout-flow\"><div class=\"wp-block-group__inner-container\">\n<figure class=\"wp-block-gallery has-nested-images columns-default is-cropped wp-block-gallery-1 is-layout-flex wp-block-gallery-is-layout-flex\">\n<figure class=\"wp-block-image size-large is-style-default\"><a href=\"https:\/\/acje.asso.dz\/wp-content\/uploads\/2022\/03\/Fichier-01318-scaled.jpg\"><img loading=\"lazy\" decoding=\"async\" width=\"2560\" height=\"1707\" src=\"https:\/\/acje.asso.dz\/wp-content\/uploads\/2022\/03\/Fichier-01318-scaled.jpg\" alt=\"\" class=\"wp-image-81\" srcset=\"https:\/\/acje.asso.dz\/wp-content\/uploads\/2022\/03\/Fichier-01318-scaled.jpg 2560w, https:\/\/acje.asso.dz\/wp-content\/uploads\/2022\/03\/Fichier-01318-300x200.jpg 300w, https:\/\/acje.asso.dz\/wp-content\/uploads\/2022\/03\/Fichier-01318-1024x683.jpg 1024w, https:\/\/acje.asso.dz\/wp-content\/uploads\/2022\/03\/Fichier-01318-768x512.jpg 768w, https:\/\/acje.asso.dz\/wp-content\/uploads\/2022\/03\/Fichier-01318-1536x1024.jpg 1536w, https:\/\/acje.asso.dz\/wp-content\/uploads\/2022\/03\/Fichier-01318-2048x1365.jpg 2048w, https:\/\/acje.asso.dz\/wp-content\/uploads\/2022\/03\/Fichier-01318-1200x800.jpg 1200w, https:\/\/acje.asso.dz\/wp-content\/uploads\/2022\/03\/Fichier-01318-1980x1320.jpg 1980w\" sizes=\"(max-width: 2560px) 100vw, 2560px\" \/><\/a><\/figure>\n\n\n\n<figure class=\"wp-block-image size-large is-style-default\"><a href=\"https:\/\/acje.asso.dz\/wp-content\/uploads\/2023\/10\/IMG20231010150711-scaled.jpg\"><img loading=\"lazy\" decoding=\"async\" width=\"1024\" height=\"484\" src=\"https:\/\/acje.asso.dz\/wp-content\/uploads\/2023\/10\/IMG20231010150711-1024x484.jpg\" alt=\"\" class=\"wp-image-432\" srcset=\"https:\/\/acje.asso.dz\/wp-content\/uploads\/2023\/10\/IMG20231010150711-1024x484.jpg 1024w, https:\/\/acje.asso.dz\/wp-content\/uploads\/2023\/10\/IMG20231010150711-300x142.jpg 300w, https:\/\/acje.asso.dz\/wp-content\/uploads\/2023\/10\/IMG20231010150711-768x363.jpg 768w, https:\/\/acje.asso.dz\/wp-content\/uploads\/2023\/10\/IMG20231010150711-1536x727.jpg 1536w, https:\/\/acje.asso.dz\/wp-content\/uploads\/2023\/10\/IMG20231010150711-2048x969.jpg 2048w, https:\/\/acje.asso.dz\/wp-content\/uploads\/2023\/10\/IMG20231010150711-1200x568.jpg 1200w, https:\/\/acje.asso.dz\/wp-content\/uploads\/2023\/10\/IMG20231010150711-1980x937.jpg 1980w\" sizes=\"(max-width: 1024px) 100vw, 1024px\" \/><\/a><\/figure>\n\n\n\n<figure class=\"wp-block-image size-large is-style-default\"><a href=\"https:\/\/acje.asso.dz\/wp-content\/uploads\/2022\/03\/IMG_3752-scaled.jpg\"><img loading=\"lazy\" decoding=\"async\" width=\"2560\" height=\"1707\" src=\"https:\/\/acje.asso.dz\/wp-content\/uploads\/2022\/03\/IMG_3752-scaled.jpg\" alt=\"\" class=\"wp-image-68\" srcset=\"https:\/\/acje.asso.dz\/wp-content\/uploads\/2022\/03\/IMG_3752-scaled.jpg 2560w, https:\/\/acje.asso.dz\/wp-content\/uploads\/2022\/03\/IMG_3752-300x200.jpg 300w, https:\/\/acje.asso.dz\/wp-content\/uploads\/2022\/03\/IMG_3752-1024x683.jpg 1024w, https:\/\/acje.asso.dz\/wp-content\/uploads\/2022\/03\/IMG_3752-768x512.jpg 768w, https:\/\/acje.asso.dz\/wp-content\/uploads\/2022\/03\/IMG_3752-1536x1024.jpg 1536w, https:\/\/acje.asso.dz\/wp-content\/uploads\/2022\/03\/IMG_3752-2048x1365.jpg 2048w, https:\/\/acje.asso.dz\/wp-content\/uploads\/2022\/03\/IMG_3752-1200x800.jpg 1200w, https:\/\/acje.asso.dz\/wp-content\/uploads\/2022\/03\/IMG_3752-1980x1320.jpg 1980w\" sizes=\"(max-width: 2560px) 100vw, 2560px\" \/><\/a><\/figure>\n<\/figure>\n<\/div><\/div>\n<\/div>\n<\/div>\n<\/div>\n<\/div>\n<\/div><\/div>\n\n\n\n<p><\/p>\n","protected":false},"excerpt":{"rendered":"<p>Depuis 2018, l\u2019ACJE mets en \u0153uvre une d\u00e9marche p\u00e9dagogique et \u00e9ducative globale afin de r\u00e9pondre au mieux aux besoins et attentes des publics. Ainsi, l\u2019ACJE et le Centre d\u2019animation, proposent une offre diversifi\u00e9e et riche d\u2019animations, de projets et d\u2019activit\u00e9s en direction de tous les \u00e2ges. C\u2019est quoi ?&nbsp; Le Centre d\u2019Animation d\u2019expression et de [&hellip;]<\/p>\n","protected":false},"author":1,"featured_media":0,"parent":0,"menu_order":3,"comment_status":"closed","ping_status":"closed","template":"","meta":{"footnotes":""},"_links":{"self":[{"href":"https:\/\/acje.asso.dz\/index.php\/wp-json\/wp\/v2\/pages\/8"}],"collection":[{"href":"https:\/\/acje.asso.dz\/index.php\/wp-json\/wp\/v2\/pages"}],"about":[{"href":"https:\/\/acje.asso.dz\/index.php\/wp-json\/wp\/v2\/types\/page"}],"author":[{"embeddable":true,"href":"https:\/\/acje.asso.dz\/index.php\/wp-json\/wp\/v2\/users\/1"}],"replies":[{"embeddable":true,"href":"https:\/\/acje.asso.dz\/index.php\/wp-json\/wp\/v2\/comments?post=8"}],"version-history":[{"count":22,"href":"https:\/\/acje.asso.dz\/index.php\/wp-json\/wp\/v2\/pages\/8\/revisions"}],"predecessor-version":[{"id":438,"href":"https:\/\/acje.asso.dz\/index.php\/wp-json\/wp\/v2\/pages\/8\/revisions\/438"}],"wp:attachment":[{"href":"https:\/\/acje.asso.dz\/index.php\/wp-json\/wp\/v2\/media?parent=8"}],"curies":[{"name":"wp","href":"https:\/\/api.w.org\/{rel}","templated":true}]}}